(h) = -2*h + 18. Let s be k(6). Let v(t) = t - 5. Let u be v(9). Suppose -u*p + 7*p = 54. What is the highest common divisor of p and s?
6
Let v(a) = a + 16. Let h be v(-16). Let t be h - (24/3)/(-2). Calculate the greatest common divisor of t and 32.
4
Let o = -4 + 12. Suppose -o = 4*w, -5*k - 3*w = w - 667. Suppose -5*b - z + 6*z + 260 = 0, -b = -4*z - 46. What is the highest common factor of b and k?
27
Suppose -5*v + 2*a + 310 = 0, -4*a = -12*v + 17*v - 280. Suppose 0 = 2*i + i - 72. Calculate the greatest common factor of i and v.
12
Let g = 291 + -120. Let w be (-8)/(-20) - 44/10. Let k(o) = -5*o - 1. Let r be k(w). Calculate the highest common factor of r and g.
19
Suppose 4*i = 2*i + 120. Suppose -2*u = -5*z - 31, 2*z = 7*z + u + 22. Let f = 7 - z. Calculate the highest common divisor of i and f.
12
Let d(i) = 4*i**2 - 32*i + 42. Let l be d(8). Calculate the greatest common divisor of l and 224.
14
Suppose 0 = 2*o - 12 + 6. Suppose 3*r = -2*p - 43, o*p + 32 = 3*r - r. Let x = 39 + p. Calculate the highest common divisor of 5 and x.
5
Suppose -g + 11 + 6 = 0. Let v = 4 - 1. Suppose q + 5*m = 33 + g, -12 = -v*m. What is the greatest common factor of q and 20?
10
Suppose 0 = 2*b + 3*n - n - 60, 5*n + 66 = 3*b. What is the greatest common divisor of b and 1971?
27
Suppose 1780*y = 1771*y + 207. Calculate the highest common divisor of y and 345.
23
Let j be (4 - -3) + 0 - -11. Calculate the greatest common factor of 189 and j.
9
Let t(x) = 13*x - 290. Let s be t(26). Calculate the greatest common divisor of 27 and s.
3
Let m(j) = j - 3. Let y be m(13). Suppose -5*b - 9 = -159. Calculate the highest common divisor of b and y.
10
Let v = -22 + 12. Let l = -10 - v. Suppose -3*n + 2*d + 14 = 6, 3*n - 3*d - 9 = l. Calculate the greatest common divisor of 2 and n.
2
Suppose 22*f - 328 - 640 = 0. What is the greatest common factor of f and 572?
44
Let g = 9 + -9. Suppose -2*i + 47 + 13 = g. Calculate the greatest common divisor of 10 and i.
10
Let u(c) = 9*c**2 - 13*c + 18. Let n be u(3). Calculate the highest common divisor of n and 5.
5
Let r be -11 + 3665/105 + (-2)/(-21). Calculate the highest common divisor of r and 156.
12
Let u = 1829 - 1684. Suppose -38 + 96 = 2*c. Calculate the highest common divisor of u and c.
29
Suppose 0 = 5*t - h - 2278, 16*t + 2*h = 18*t - 908. Calculate the greatest common divisor of t and 57.
57
Let f(p) = -524*p**3 - 2*p**2 - 2*p. Let q be f(-1). Suppose -2*k - 3*b + q = -7*b, -5*b - 1033 = -4*k. Calculate the highest common divisor of k and 36.
36
Let q be 179 + (-4)/8*-2. Let c be -2*1 + q/5. Suppose -17 = k - 2*k + 5*o, -4*k + 3*o = -c. Calculate the greatest common factor of 35 and k.
7
Let i = 1352 + -406. What is the highest common factor of 22 and i?
22
Suppose -4*d + 244 = 64. Let i be 88/6 + (-27)/(-81). Calculate the highest common divisor of i and d.
15
Suppose 0 = -6*m - 61*m + 2814. Calculate the greatest common divisor of m and 483.
21
Suppose 0 = -4*u - 7 - 41. Let w = -6 - u. Calculate the greatest common divisor of w and 21.
3
Suppose -47*u - 126 = -53*u. Calculate the highest common factor of 168 and u.
21
Let r(l) = -2*l**2 + 39*l + 45. Let i(c) = c**2 - 19*c - 22. Let m(o) = -5*i(o) - 2*r(o). Let z be m(9). What is the greatest common factor of z and 138?
46
Let z(o) = 110*o. Suppose 5*r - 6 = 2*r. Suppose n + 0 = r. Let b be z(n). Calculate the greatest common factor of b and 22.
22
Suppose -3*g + 6 = 0, -4*w + g = 5*g - 104. Suppose 9*p = 4*p - 25. Let r = p + w. What is the highest common factor of r and 152?
19
Let f = 32 - 30. Let q be 89*f*7/14 + -1. What is the highest common divisor of 22 and q?
22
Suppose -5*f + 7*f - 178 = 0. Let c = f - 80. Calculate the greatest common divisor of c and 9.
9
Suppose -112 = -13*w + 6*w. Let f be ((-3)/(-9))/((-3)/(-27)). Suppose 6*v - 144 = f*v. What is the greatest common divisor of w and v?
16
Suppose 13*r = 11*r + 200. What is the highest common divisor of 120 and r?
20
Let y be -5 + 5 - (-255)/15. Let i be -3 + -2*(-61 - 0). Calculate the highest common factor of i and y.
17
Suppose 3*q = 3*k + 681, 2*q = 22*k - 18*k + 460. Suppose -4*z - 5*a = -117, -5*a = -2*z + 26 + 25. What is the highest common factor of q and z?
28
Suppose -1278 + 1012 = -o. What is the greatest common divisor of o and 152?
38
Suppose -7*d + 24 = -46. Calculate the greatest common factor of 145 and d.
5
Suppose -4*m - 125 = 51. Let y = 53 + m. Suppose 4*f - a - 36 = 0, 2*f - 6*a + 2*a - 18 = 0. Calculate the highest common divisor of f and y.
9
Suppose -f = f - 16. Let u be 510/f - 11/(-44). What is the greatest common divisor of 8 and u?
8
Let z be 30 + 0/(4 + 1). Suppose f + 5*y = 2*y + 29, 3*f - y - 57 = 0. What is the greatest common divisor of z and f?
10
Suppose -k + 5*v = 0, -5*v + 45 = 2*k - 0*k. What is the greatest common divisor of k and 9?
3
Let w = 341 - 320. Calculate the greatest common factor of 28 and w.
7
Let h(k) = -k**2 - 6*k + 1. Let c be (7/(-7))/((-2)/(-10)). Let q be h(c). What is the greatest common factor of 24 and q?
6
Let g = 6 - 1. Suppose j - 23 = -4*r + 3*r, -4*j - 106 = -g*r. What is the greatest common factor of 55 and r?
11
Let n be (5 - 5) + 87 + 3 - 6. What is the highest common divisor of 714 and n?
42
Suppose -4*u + 458 = -94. Calculate the greatest common divisor of 96 and u.
6
Let u be 3/(-4)*((-5 - -13) + -88). Calculate the highest common divisor of 24 and u.
12
Let m be (-2)/((21/(-30))/7)*1. Let n be 202/28*m + (-2)/7. What is the greatest common divisor of 16 and n?
16
Let o(w) = -w**3 - 7*w**2 - 4*w + 2. Let z be o(-6). Let m be 2320/(-32)*12/z. Calculate the greatest common divisor of 29 and m.
29
Suppose -3*i + 5*y = -63, 5*y - 34 - 8 = -2*i. Calculate the greatest common divisor of i and 56.
7
Suppose -14 = -6*n + 4. Suppose d + 0*d - n*b - 35 = 0, -3*b + 85 = 5*d. What is the greatest common divisor of 10 and d?
10
Suppose -5*v + 34 - 4 = 0. Calculate the highest common divisor of v and 39.
3
Let d(t) = 17*t + 115. Let a be d(-6). What is the highest common divisor of 143 and a?
13
Suppose -3*m + 500 = 2*m. Suppose -9*y = -16*y + 175. Calculate the greatest common divisor of m and y.
25
Suppose 2*g - 5*g = -483. Let z = 227 - g. Calculate the highest common divisor of 6 and z.
6
Suppose 6924 + 10280 = 17*g. What is the highest common divisor of g and 44?
44
Suppose 5*v = 3*o - 28, 0*o + v + 9 = 4*o. Let p(k) = -2 + 7*k - k + 9*k. Let c be p(o). Calculate the highest common factor of 39 and c.
13
Suppose -12*h - 24 = -168. Calculate the greatest common factor of 432 and h.
12
Let c(n) = -11*n + 6. Let s be c(-6). Suppose 68*x = 945 + 279. What is the greatest common factor of x and s?
18
Suppose -4*y + 2*f + 190 = -16, -2*y + 106 = -2*f. Let v be (34/5)/(10/y). What is the greatest common factor of 17 and v?
17
Let h(m) = m**3 + 8*m**2 - 11*m - 7. Let a be h(-9). What is the highest common factor of 33 and a?
11
Let p be 136/32 + 2/(-8). Suppose p*u - 48 = -12. Calculate the highest common divisor of u and 99.
9
Let m = -56 - -51. Let a be (7/((-49)/(-12)))/(m/(-105)). Calculate the highest common factor of 144 and a.
36
Suppose 0 = -t - 1, -3*q - 3*t + 4*t - 167 = 0. Let p = q - -40. Let u = 24 + p. Calculate the highest common divisor of 8 and u.
8
Suppose -132 = 3*x - 4*x. Suppose -3*a + a = -x. Let d(y) = -y**3 + 4*y**2 + 3*y - 1. Let c be d(4). Calculate the greatest common divisor of a and c.
11
Let h(d) = 24*d**3 + 4*d**2 - 14*d + 18. Let s be h(2). What is the highest common factor of s and 36?
18
Let r(l) = -28*l - 1. Let c be r(-2). Let d(u) = 123*u + 514. Let b be d(-4). What is the greatest common divisor of b and c?
11
Let z = -50 + 87. Let k be 2/3 + (-5)/3 + z. Calculate the greatest common factor of k and 6.
6
Let c(o) = -2*o - 26. Let m be c(-14). Let z be 16/(-6)*(-38 + 5). Suppose 0*v = -4*v + z. Calculate the greatest common factor of v and m.
2
Let c be 1/1*4/(1 + 0). Let q be 2 + 1/(-1 + 0). Let t = c - q. Calculate the highest common divisor of 33 and t.
3
Let b = 105 + -94. Suppose -b*y = y - 1620. Calculate the greatest common divisor of y and 27.
27
Let h(r) = -9*r - 27. Let z be h(-11). What is the highest common factor of z and 18?
18
Let l(f) = f**2 + 4*f + 7. Let z be l(-2). Suppose 0 = z*k 